ens digit of r?
2
Suppose 5*x = -2*a + 150, 0*x + 251 = 3*a + x. Let w = 120 - a. What is the tens digit of w?
3
Let s(i) = i**2 - 4*i + 4. Let p be s(8). Let a = p - 26. What is the units digit of a?
0
Suppose 0 = q - 6*q + 40. What is the units digit of q?
8
Let l(k) = -k + 2. Let h be l(-5). Let d(n) be the third derivative of n**5/60 - 7*n**4/24 + 5*n**3/6 - 2*n**2. What is the units digit of d(h)?
5
Let d(g) = 15*g**3 - g. Let y = 21 + -20. What is the units digit of d(y)?
4
Let w(v) = 3*v**2 - 39*v + 2. Let z(f) = -f**2 + 13*f - 1. Let o(t) = -3*w(t) - 8*z(t). What is the units digit of o(11)?
4
Let w = 1 + 4. Suppose 23 + 7 = w*t. Suppose -3*d + 0*d + t = 0. What is the units digit of d?
2
What is the units digit of (-1)/((-4)/184) + 0?
6
Suppose -5*t = 21 - 171. What is the tens digit of t?
3
Let z be 0/2 + (-4)/2. Let d(b) = 4*b**2 + 4*b + 3. What is the units digit of d(z)?
1
Let u(n) = n**2 - 3*n. Let x be u(4). Suppose -x*z - 3*l + 52 = -4*l, -24 = -3*z - 3*l. What is the tens digit of z?
1
Let b = 8 - 7. Suppose 34 = 5*z - b. What is the units digit of z?
7
Suppose 3*j = s + 330, 4*j + 4*s - 193 - 231 = 0. What is the tens digit of j?
0
Let n be (3/3)/(2/4). Let g = 7 - 2. Suppose 3*y + 2 = 2*y + n*m, -g*m = -5*y. What is the units digit of y?
2
Let f be (2 - 0) + 1 - -14. Let n = f - 5. What is the tens digit of n?
1
What is the units digit of 267/1*(55/(-15) + 4)?
9
Let o = 60 - 39. What is the units digit of o?
1
Suppose 8*i = 13*i - 65. Let j(s) = s - 12. What is the units digit of j(i)?
1
Suppose -3 = -b + 5*z - z, -3*z = -3*b + 9. Suppose 11 = b*g + 8. What is the units digit of g?
1
Let z = -29 - -107. What is the tens digit of z?
7
Let z be (1 - (0 - -2)) + 3. Suppose 0*b = z*b - l + 3, 5*b + l = 10. What is the units digit of b?
1
Suppose 0 = -5*p + p + 108. Let n = p - 18. Let o = 14 - n. What is the units digit of o?
5
Suppose -5*t + 50 = -0*t. Let q(g) = -2*g**3 - 4*g**2 - 3*g - 1. Let v be q(-2). Let z = t - v. What is the units digit of z?
5
Let s(x) = -x**3 - x**2 + x + 1. Let j(l) = 5*l**3. Let d(b) = -j(b) - s(b). What is the units digit of d(-2)?
7
Suppose 4*i + 3 = -v, -2*v = 2*v + 4*i - 12. What is the units digit of v?
5
Suppose 4*c + 7 = -3*g - c, 0 = g + 5*c - 1. Let a = -4 - g. Suppose r + 3*q = 20, r - 3*r - 4*q + 38 = a. What is the units digit of r?
7
Suppose 57 = -5*l - 3*d, 2*l - 5*d - 2 = -0. Let f(p) = -2*p - 9. What is the units digit of f(l)?
9
Let u(g) be the third derivative of g**6/120 + g**5/10 - g**4/24 - 2*g**3/3 - g**2. Let k(a) = -2*a**2 + 2. Let l be k(-2). What is the units digit of u(l)?
2
Let p(j) = -j**2 + 3*j + 3. Let k be p(4). Let s be 1/(-3)*(-3)/k. What is the units digit of (-1 + -1 + -3)/s?
5
Let p be -23*2/4*2. Let o = -14 - p. What is the units digit of ((-6)/4)/(o/(-24))?
4
Suppose 4*z = 2*s - 24, -s - 4*z = s - 56. Suppose 4*o = s + 8. What is the units digit of o?
7
Let i(q) be the second derivative of 2*q**3/3 - q**2/2 - 9*q. What is the units digit of i(2)?
7
Suppose 0 = 3*x - 6*x + 45. What is the units digit of x?
5
Suppose 0 = -i - 5*h, 4 - 10 = -i + h. Suppose 3*d - i*d = -22. What is the units digit of d?
1
Suppose -d - 6 = -o - 2*o, d - 2*o = -4. Suppose d = -2*h + 17 - 1. Let a(v) = -v**3 + 8*v**2 + v - 6. What is the units digit of a(h)?
2
Let p(t) = 3*t + 6. Let v be p(8). Let n = v - 23. What is the units digit of n?
7
Let w be 1/2 - (-2)/4. Suppose -5 = -a + w. Suppose 0 = -y + 4*f - a, 0 = -5*y + 3*f - 6*f + 16. What is the units digit of y?
2
Let r(m) = m**2 - 2*m + 7. Let f be r(0). Let z = f + -3. What is the units digit of z?
4
Suppose -4*j = 2 - 30. Suppose -2*o + j = -3*i, o + 3 = i + 6. Suppose -7 + o = -m. What is the units digit of m?
5
What is the tens digit of ((-30)/7)/((-2)/(-84)*-2)?
9
Let z(c) = -2*c**2 - 7*c - 6. Suppose 2*q + q = 2*o + 11, 5*o = -5*q - 15. Let g be z(o). What is the units digit of (-6)/g + 84/10?
9
Let b be (2 - -5)*(0 - 1). Let d(g) = g**2 + 4*g - 4. What is the units digit of d(b)?
7
What is the units digit of 16*(18/4 - 3)?
4
Suppose -2*c - 2*x + 124 = -4*x, -x = -5. What is the tens digit of c?
6
Let r = 49 - 9. Suppose l - r = -4*l. Suppose -3*g = -l*g + 100. What is the tens digit of g?
2
Let o(c) = 4*c**2 - 3*c - 2. Let u be o(-2). Let w = u - 12. What is the units digit of (w/12)/((-2)/(-3))?
1
What is the units digit of (-549)/(-6) - (-3)/2?
3
Suppose 0 = 3*u + 3 - 9. Suppose -u*l = -6*l. What is the units digit of (-2 - l)*44/(-8)?
1
Let n(b) = 3*b - b - 2 + b**3 - 5 - 5*b**2. Let i be n(5). Let m = -2 + i. What is the units digit of m?
1
Let m be 3/4 + (-51)/(-12). Let b = 3 - m. What is the units digit of ((-14)/4 - -1)*b?
5
Let j = -24 + 21. Let b(r) = -2*r - 1 - r**2 - 3*r - 1. What is the units digit of b(j)?
4
Suppose h + 3*z + 7 = -h, -2*h + z - 27 = 0. Let m = -9 - h. Suppose -5*i + 4 = -16, -t + m*i = 3. What is the units digit of t?
5
Let p(a) = 2*a + 2. Let c = 16 - 14. What is the units digit of p(c)?
6
Let k be 2/(-3)*(-36)/8. Let y be (-18)/12*(-8)/k. Suppose -4*m + y = -36. What is the units digit of m?
0
Let a be (-8)/32 + 17/4. Suppose 5*q + 3*c = 18, 2*q - 6*q + 40 = -a*c. Suppose -21 = -2*p + b, q*p - b = 2*p + 37. What is the units digit of p?
8
Suppose -2*m - 5*s = -m - 20, -4*m = 5*s - 35. Suppose m*f = -0*b + 4*b - 2, 5*f + 3*b = -16. What is the units digit of f - (-18)/(3/1)?
4
Suppose z = -4*c + c + 16, c = -z + 12. Suppose -2*n + 0*n + z = 0. Suppose 2*a - 2 = 0, -2*a - 1 = 2*q - n*q. What is the units digit of q?
1
Suppose 0 = -o - 3*w + 366 + 54, 0 = 2*w + 4. What is the hundreds digit of o?
4
Let r(f) = f**3 - 5*f**2 + 3*f + 4. Let n be r(4). Suppose n = -4*b - 3*w + 19, -3 - 19 = -5*b - 2*w. Let g = b - -5. What is the units digit of g?
9
Suppose -3*v = -4*z + 64 + 7, -v - 18 = -z. Let i = z + -10. What is the units digit of i?
7
Let d = -62 - -109. Let p = d + -24. What is the tens digit of p?
2
Suppose -3*i = -i - 2. Let z(k) = -k**2 - 13*k - 12. Let y be z(-12). Let d = i - y. What is the units digit of d?
1
What is the units digit of (-69)/(-2) - (-7)/(-14)?
4
Let n(r) = -r + 2. Let i be n(6). What is the units digit of (-25)/i + (-2)/8?
6
Suppose 1779 = 8*t + 659. What is the tens digit of t?
4
Suppose -2*z = 3*z + 60. Let y be 12/4*-1 + -21. Let i = z - y. What is the units digit of i?
2
Suppose -3*t - 3 + 0 = 0. Let q = t + 7. Suppose -q*n - 4*g = -n - 40, 2*n - 29 = g. What is the units digit of n?
2
Let m = 23 + -45. Let v = -13 - m. What is the units digit of v?
9
Let p(a) = a**2 - 5*a + 14. What is the hundreds digit of p(-9)?
1
Suppose n - 39 - 3 = 0. What is the units digit of n?
2
Suppose -4*u + 0*u - j + 82 = 0, 4*j = -8. Suppose u = 3*g - 2*g. What is the units digit of g?
1
Let t(x) = 7*x + 1. Let a(c) = 2 + 1 - 11*c - 5. Let m(r) = 5*a(r) + 8*t(r). What is the units digit of m(3)?
1
Suppose 2*a = 5 + 11. Let u(y) = y**2 - 7*y - 4. Let r be u(a). Suppose c + 4*c - 40 = 3*j, c = r*j + 8. What is the units digit of c?
8
Let q = -15 - -25. What is the units digit of q?
0
Let h(i) = i**3 + 5*i**2 + 3*i. Let j be h(-4). Suppose 0 = m - j*m + 66. What is the units digit of m?
2
Suppose -4*w + 6*w + 5 = -f, 0 = -2*f + 3*w + 18. Suppose 5*i + f = 73. What is the tens digit of i?
1
Let g be 0 - 2 - (4 + -4). What is the units digit of 4/(-8) + (-45)/g?
2
Let j(x) = 3*x**3 + 9*x**2 + 4*x - 2. What is the tens digit of j(4)?
5
Suppose 0 = x - 5*n - 13 - 10, -121 = -2*x - 5*n. What is the tens digit of x?
4
Suppose 0 = 5*w - 5*a - 750, -6*a - 450 = -3*w - 5*a. What is the hundreds digit of w?
1
Let c(j) = -j - 88 - 71 + 43. Let p be c(0). What is the units digit of (-2)/3 + p/(-12)?
9
Suppose 4*d + 31 = 275. What is the tens digit of d?
6
Suppose 3*j - 30 = -6. Let s = j - 6. Let n(a) = 3*a**2 - a - 1. What is the units digit of n(s)?
9
Let o be -3 - 0*(-2)/2. What is the units digit of (56/(-6))/(2/o)?
4
Let o(i) be the second derivative of -3*i + 0*i**2 + 1/3*i**3 + 0. What is the units digit of o(7)?
4
Suppose -567 = -4*w - 3*w. What is the tens digit of w?
8
Suppose 0 = 3*p - 368 + 131. What is the units digit of p?
9
Suppose 52 = -3*q + 5*q. Suppose -4*n = 4*l - l - 54, -2*n = l - q. Suppose 4 = -j + n. What is the units digit of j?
8
Suppose -m + i + i - 2 = 0, -4*m = i 